
3
Let r be 22/33*30/4. Suppose 34 = r*z - 111. Suppose -2 = 3*v - z. What is the units digit of v?
9
Suppose z = -3 - 1. Let m(c) = c**2 + c - 1. Let v(u) = 4*u**2 + 2*u + 4. Let s(j) = -2*m(j) + v(j). What is the units digit of s(z)?
8
Suppose -3*f - 90 = -1023. Suppose -4*z + 4*r = -f - 81, 0 = -2*r + 8. What is the units digit of z?
2
Suppose 10 = 3*i - 401. Let d = i - 91. What is the units digit of d - (-2 + -2 + 6)?
4
Let w = 8 + -5. Suppose 0*p = w*p - 9. Suppose 2*a - 4*d = 82, 0 = 2*a - p*d + 2*d - 91. What is the tens digit of a?
4
Let w = -25 - -59. Let p = 31 + w. What is the tens digit of p?
6
Let f(z) = 4*z**3 - z. Let u(w) = w**3 + 3*w**2 - 3*w + 3. Let s be u(-4). Let x be f(s). Let m(o) = 2*o**2 + o - 2. What is the units digit of m(x)?
3
Let u(w) = -w**3 + 15*w**2 + 10*w + 2. What is the units digit of u(7)?
4
Suppose -h + 6*m - 2*m + 41 = 0, -m - 38 = -h. Let z = 13 - 10. Suppose u - h = -4*y + 4, -z*y + 12 = -3*u. What is the units digit of y?
9
Let m(i) = 2*i**2 - 2*i - 1. Let u be ((-3)/6)/(2/(-32)). Suppose 5*d - t + 21 = 3*t, t = 4*d + u. What is the units digit of m(d)?
3
Let n be (0 - 3/(-3)) + 19. Suppose -4*a + 4*y - 6 = -2*a, 0 = -5*y + n. What is the units digit of a?
5
Let t be -2 - -4 - (3 - 2). Let w be 1 - (122 + t)/(-3). Suppose -w = -2*v - 4*v. What is the units digit of v?
7
Let w be 8/20*45/6. Suppose -11*u = -w*u + 264. Let r = -23 - u. What is the tens digit of r?
1
Let r = -46 + 48. Suppose -2*b + 408 = r*b. What is the hundreds digit of b?
1
Let k = -7 + 11. Let s be 4/26 - k/26. Suppose s = i + i - 90. What is the units digit of i?
5
Suppose -2*q + 3*q = 4. Let z be (-6)/8 + (-1225)/(-28) + -1. Suppose z + 6 = q*g. What is the tens digit of g?
1
Let i be 3 - 1*(-1)/(-1). Suppose 0 = i*g, 2*p - 3*g - 289 + 77 = 0. Suppose p = 4*b - 10. What is the units digit of b?
9
Let r(c) = -3*c**2 + 41*c + 31. Let q(v) = 2*v**2 - 27*v - 21. Let s(m) = -8*q(m) - 5*r(m). What is the tens digit of s(11)?
1
Let q(d) = d**3 - 3*d**2 + 14*d + 17. What is the tens digit of q(10)?
5
Suppose 0 = -9*p - 19*p + 2184. What is the units digit of p?
8
What is the units digit of ((-4354)/(-21) - (-1 - -4))*3?
3
Let i(z) = 79*z - 3. Let f be i(-2). Let n = f - -292. What is the units digit of n?
1
Suppose 2*w - 24 = -4*w. What is the tens digit of 0 + 100/w*3?
7
Let t(o) = -o**3 - 9*o**2 + 6*o - 1. Suppose -2*u - 4*k = -26, k + 0*k = 5*u - 10. Let h be (-4)/u*90/12. What is the tens digit of t(h)?
3
Let t = -39 - -33. What is the tens digit of (-12)/(-10)*(t - -16)?
1
Let m be (36/(-14))/((-3)/21). Let v = m + -4. What is the units digit of v?
4
Suppose 4*a - 3 = 13. Suppose -v - 5*x + 260 = -a*x, -v = -3*x - 272. What is the tens digit of v?
6
Let u(q) = -q**3 - 23*q**2 - 59*q - 32. What is the tens digit of u(-22)?
8
Suppose -25 - 10 = 7*d. What is the tens digit of (-1206)/(-8) - (d + 95/20)?
5
Suppose 0 = 2*v + 7 - 19. Let p = v - 24. What is the units digit of -2*1/6*p?
6
Let y(x) = -x**3 - 10*x**2 - 7*x + 4. What is the units digit of y(-15)?
4
Let r = 206 + 426. What is the units digit of r?
2
Suppose -2*u + 466 = 12*m - 11*m, 0 = 3*m - 4*u - 1418. What is the tens digit of m?
7
Suppose 3*y = t + t + 443, -4*y + 593 = -5*t. Suppose -3*s + y = -h, 5*s - 2*h - 241 = h. What is the tens digit of s?
5
Let b = 447 - 141. Suppose 6*u = b + 282. What is the units digit of u?
8
Let m be 1 + 3*(-4)/6. Let i(z) = -84*z**3 - 2*z**2 + z + 2. What is the units digit of i(m)?
3
Let u(b) = b**3 + 2*b**2 + b - 6. Let y(r) = 3*r**3 + 5*r**2 + 4*r - 17. Let d(x) = -8*u(x) + 3*y(x). What is the tens digit of d(3)?
2
Suppose 4*s - 4*g = 2732, 1739 = 4*s - g - 981. What is the hundreds digit of s?
6
Let k(t) = -226*t + 33. What is the hundreds digit of k(-3)?
7
Let g = 32 + -32. Suppose g = -17*v + 18*v - 748. What is the units digit of (-4)/(-10) - v/(-55)?
4
Let z(m) = m**3 - 6*m**2 - 9*m + 14. Let r be z(7). Let c = 3 + 1. Suppose r = -i - c*u + 17, -3*u + 0*u - 154 = -5*i. What is the units digit of i?
9
Let k(b) = -b**3 + 14*b**2 - 13*b + 5. Let s be k(13). Suppose 2*y = 6*y, s*y + 5 = w. Suppose 5*t - 5*x = w, 10 - 21 = -t - x. What is the units digit of t?
6
What is the hundreds digit of 4/(-40)*6 - (-37264)/40?
9
Let z(t) = 19*t - 7. Let a be z(7). Suppose 5*x - a = r, -r + 17 = x - 13. What is the units digit of x?
6
Suppose 0 = -5*o + 9*o + 8. What is the units digit of (-34)/(-2)*2*o/(-4)?
7
Suppose 0 = 3*s - 390 - 984. Suppose -4*w + 110 = -s. What is the units digit of w?
2
What is the tens digit of (152/(-32))/19 - (-6186)/8?
7
What is the hundreds digit of (-20)/12 - (-66595)/15?
4
Suppose 207 = 15*t - 33. What is the units digit of (-278)/(-10) + t/(-20)?
7
Let m(l) = -3*l**2 + 3*l - 6. Let k be 18/(-4)*8/(-12). Let f be m(k). Let u = 49 + f. What is the units digit of u?
5
Suppose 4*j = -3*c + 1088, 21*j - 20*j = -5*c + 272. What is the hundreds digit of j?
2
Suppose -3*x = -8*x - 675. Let c = x + 276. What is the hundreds digit of c?
1
Suppose 0 = 4*q - 8, 2*v - v = -2*q + 31. What is the tens digit of (-3265)/(-15) - 6/v*3?
1
Let a(q) = -16*q. Let z(p) be the third derivative of 17*p**4/24 + p**3/6 - p**2. Let t(s) = 6*a(s) + 5*z(s). What is the tens digit of t(-5)?
6
Suppose 32 - 116 = -3*o. Suppose o = 5*l + 3*t, -2*t - 16 = -l - 0*l. What is the units digit of l?
8
Suppose -11*v + 51 = -48. What is the units digit of v?
9
Suppose -j + 8*m - 3*m = 86, 0 = 2*j - m + 145. Let v = j - -119. What is the tens digit of v?
4
Suppose -150 = -4*z + b, 0 = 3*b - 3 - 3. Let u be (-102)/4*z/19. Let r = -32 - u. What is the tens digit of r?
1
Let w be (-2)/(-4) + 25/10. Suppose -2*v + 1 = -g + 16, 5*v - 100 = -w*g. What is the units digit of g?
5
Let p(c) = -c**3 - 16*c**2 - 15*c + 7. Let q be p(-15). Suppose g - q = 30. What is the units digit of g?
7
Let c = 1531 + -1168. What is the units digit of c?
3
Suppose -6*s + 7*s = 4. Suppose 0 = r + r + s. Let m = 18 - r. What is the units digit of m?
0
Let n(y) = y + 38. What is the tens digit of n(21)?
5
What is the units digit of (-3 + (-32540)/50)*-5?
9
Suppose 2*s - 3*s = 4*s. Suppose i - a - 104 = s, 2*i + 4*a = 4*i - 216. What is the hundreds digit of i?
1
What is the units digit of -7 + 3 + 0 + 2 + 352?
0
Suppose 6*j - j - 12239 = -2*a, 0 = a + 3. What is the hundreds digit of j?
4
Let a be 42/9 + 2 + (-4)/(-12). Suppose -2*r = -181 + a. What is the tens digit of r?
8
Suppose 17154 = -531*b + 549*b. What is the units digit of b?
3
Let y = 8 + -8. Suppose 2*z + y*s = 2*s + 2, 0 = 2*z - s - 3. Suppose z*m = w, -w + 24 = 3*w - 2*m. What is the units digit of w?
8
Let n(d) = -d**2 + 9*d + 12. Let l be n(9). What is the tens digit of -42*(4 - 56/l)?
2
Suppose -67649 + 19777 = -22*n. What is the thousands digit of n?
2
Let b = 98 + -99. What is the tens digit of (83 - 83) + (-288)/(-1) + b?
8
Let f(g) = -2*g**3 - 11*g**2 - 18*g + 4. Suppose -13*m + 21*m = -56. What is the hundreds digit of f(m)?
2
Let t(c) = -c**3 - 2*c**2 - c + 3. Let x(p) = -p**3 + 9*p**2 - 6*p - 4. Let q be x(8). Let b = -16 + q. What is the tens digit of t(b)?
3
Suppose 270 = y + 2*i, -5*i - 252 = -y - i. What is the hundreds digit of y?
2
Suppose 0 = 4*p + 13 - 9. What is the tens digit of p + 0 + (-11 - -36)?
2
Let x(t) = t**2 - 4*t - 12. Let p be x(6). Suppose p = 4*n + n - 10. What is the tens digit of (210/4)/3*n?
3
Suppose s + 78 = 4*u - 98, 0 = 5*u - 2*s - 223. Suppose -5*q + 247 = -u. Let n = q - 28. What is the units digit of n?
0
Suppose 2*a + 4*j = -202, 4*j = 5*a - 0*j + 449. What is the hundreds digit of -4*(-7)/(14/a)*-1?
1
Suppose -3*d + 58 = a, 0 = -3*a + 4*d - d + 126. What is the units digit of (-3)/(-3) + a/1?
7
Suppose 175 = -6*b + b. Let p = 84 + b. What is the units digit of p?
9
Suppose 5175 = l - 2*x, -5*x = -254*l + 255*l - 5210. What is the hundreds digit of l?
1
Let h be ((-36)/27)/(4/(-9)). Suppose 9*r - 1584 = h*r. What is the hundreds digit of r?
2
Suppose 11632 = 2*t + 14*t. What is the tens digit of t?
2
Let t = -8 + 4. Let f be -1 - t/((-4)/3). Let a = 15 - f. What is the tens digit of a?
1
Let b = 126 + -87. Let o = b - 20. Let g = o + -17. What is the units digit of g?
2
Let y(v) = -v + 17. Let o be y(22). What is the units digit of ((-6)/o)/((-4)/(-20))?
6
Let u be (-1 + 15 + 